d(-6). What is the remainder when 32 is divided by 1 + (-2)/(-3)*r?
15
Suppose -2*i - 4*p = 12, 0 = -5*i + 3*i - p. Suppose 18 = -i*l + 50. Calculate the remainder when l is divided by 9.
7
Suppose -12 - 38 = -h. Let q(i) = -i**3 + 14*i**2 + 20*i - 49. Calculate the remainder when h is divided by q(15).
24
Let z = 346 + -181. Calculate the remainder when z is divided by 42.
39
Suppose 7*m = m - 654. Let s = -69 - m. What is the remainder when 157 is divided by s?
37
Suppose 0*w = 3*w + 23409. What is the remainder when w/(-57) + (-8)/(-76) is divided by 35?
32
Let p(y) = 5*y**2 + y + 6. Calculate the remainder when p(-4) is divided by 45/(6/2) - 9/3.
10
Suppose -4*g - 6 = -50. Let r(v) = -7*v + 147. What is the remainder when r(16) is divided by g?
2
Suppose 12*a - 6*a - 186 = 0. Calculate the remainder when 59 is divided by a.
28
Let s be (-8)/(-32) + 15/4. Let d be -2*s/(8/(-4)). Suppose d*m - 35 = 125. What is the remainder when m is divided by 21?
19
Suppose 3*o = -3*d - o + 83, -d - 4*o + 17 = 0. Calculate the remainder when 58 is divided by d.
25
Suppose -3*g = -g + 6. Suppose 0 = d - 10*v + 6*v - 12, -5*v - 17 = -d. What is the remainder when ((-10)/d)/(g/(-72)) is divided by 11?
8
Let t(d) = -199*d - 787. Suppose 0 = r - 2. Calculate the remainder when t(-4) is divided by r.
1
Let x be ((-22)/4)/((-11)/(-396)). Suppose 0 = -0*c - 3*c + 39. Calculate the remainder when 4/(-3)*x/11 is divided by c.
11
Let x = 195 + -168. Calculate the remainder when x is divided by 4.
3
Let y = -115 - -164. Let f = 11 - 8. Suppose 29 = f*c - 10. What is the remainder when y is divided by c?
10
Let c(p) = p**3 - 7*p**2 + 5*p. Let q be c(6). Let a = q + 20. Calculate the remainder when 53 is divided by a.
11
Suppose 15*i - 171 = -111. Let p = 49 + -22. Calculate the remainder when p is divided by i.
3
Let s(l) = 82*l**2 + l + 1. What is the remainder when s(1) is divided by 19?
8
Let z be (-6)/9 + (87/9 - 2). Suppose -z*c + 103 = -156. Calculate the remainder when c is divided by 10.
7
Let r be (-5 - -1)/(-1 + (-2)/(-3)). Suppose c + 5*z = 47, 0 = -z - 3*z + r. What is the remainder when c is divided by 95/5 - 1*2?
15
Let t be -4*(-2)/36 + 400/144. Calculate the remainder when (552/36)/(2/t) is divided by 8.
7
Let n(d) = 148*d + 3. Let w be n(4). Suppose 8*l = l + w. Calculate the remainder when l is divided by 29.
27
Let b(o) = o + 9. Let n be 6/(-4) - (-18)/4. Let v be b(n). Let s = 32 - v. Calculate the remainder when 78 is divided by s.
18
Let d = 1500 - 1466. What is the remainder when 203 is divided by d?
33
Calculate the remainder when 237 is divided by (-400)/1100 - 206/(-22).
3
Suppose -107 = -4*p + 5. Let n = 13 - p. Let h = -13 - n. Calculate the remainder when h is divided by 2.
0
What is the remainder when -412*(-1)/2*5/5 is divided by 69?
68
Suppose 4*a = b + 144, 3*b = 4*a - b - 132. What is the remainder when 108 is divided by a?
34
Let w = -8 + 13. Suppose z - w*z - 8 = 0, -2*z - 12 = 2*j. Calculate the remainder when 99 is divided by 25 + 1 + (j - -3).
24
Let h be (2780/15)/(4/6). Suppose -2*a - h = -4*a. Calculate the remainder when a is divided by 47.
45
Let y(f) = f**2 - 12*f + 3. Let l be y(12). Suppose -5*x + 30 = -l*x. What is the remainder when 40 is divided by x?
10
Let g = -21 - -38. Suppose 4*f = 8*f - 192. What is the remainder when f is divided by 1/2*0 + g?
14
Let o(z) be the third derivative of -z**4/24 + 3*z**3/2 - 2*z**2. Let x(g) = g**3 + g**2 + 3*g. Let h be x(0). What is the remainder when o(h) is divided by 3?
0
Suppose 5*m + 115 = 6*m. Suppose -d + 3*d + a = m, -d + 53 = -a. Calculate the remainder when d is divided by 19.
18
Let r(w) = 6*w**2 + 2*w + 4. Let l(x) = -4*x + 1. Let q be l(1). What is the remainder when r(q) is divided by 18?
16
Let q = -17 + 28. Suppose q = -4*h - 1, -3*h - 249 = -5*p. Suppose 2*t + 154 = 5*x - p, -t = 3*x - 130. What is the remainder when x is divided by 11?
9
Suppose -30 = -5*r + 4*p, 3*p - 2*p + 1 = -2*r. Suppose 2*y - y - 154 = -3*a, -r*y = 4*a - 206. Calculate the remainder when a is divided by 14.
9
Suppose 21 - 6 = 5*a. Let i be -2 + (a - 4 - -30). Let r = 48 - i. Calculate the remainder when 81 is divided by r.
18
Let q = 1203 + -1196. Calculate the remainder when 32 is divided by q.
4
Let d = -10 - -15. Suppose -4 = 2*i - d*k, -i + 4 = -2*i + 3*k. Calculate the remainder when 21 is divided by i.
5
Suppose 3*j + 5*u = -j + 18, 0 = 4*j - 5*u + 2. Suppose 3*b + 20 - j = 0. What is the remainder when 30/4 - b/(-12) is divided by 3?
1
Let s = 8899 + -5926. Calculate the remainder when s is divided by 31.
28
What is the remainder when 10*((-340)/(-120))/((-2)/(-6)) is divided by 46?
39
Suppose 34*c = 42*c - 144. Let w(h) = h**3 - 5*h**2 + 2*h + 3. What is the remainder when w(6) is divided by c?
15
Let i be (-3)/18 + (-2932)/(-24) + -2. Let k = 160 - i. Calculate the remainder when k is divided by 28.
12
Let b(i) = i**3 - 4*i**2 + i - 7. Let m(v) = -4*v**2 - 222*v + 1053. Calculate the remainder when m(-59) is divided by b(5).
20
Suppose 1 = 2*n - 29. Suppose 5*w = -3*z - 14, -2*z - 4*w = -0*z + 12. What is the remainder when 0 + 42 + (z - 2) is divided by n?
12
Let s be (6/21)/(0 - (-4)/28). Suppose -s*w = -5*n - 180 - 42, 454 = 4*w - 5*n. Calculate the remainder when w is divided by 17.
14
Calculate the remainder when 138 is divided by 21 - -1 - (-28)/(-14).
18
Suppose -6*v - v + 2338 = 0. What is the remainder when v is divided by 56?
54
Let p(n) = -n**3 + 42*n**2 - 37*n - 120. What is the remainder when p(41) is divided by 39?
5
Let a be 7/(-1) - 1 - 1. Let r(k) = -5 - 10*k - k**2 - k**2 + k**2 - 1. What is the remainder when r(a) is divided by 2?
1
Let m(i) = i. Let t be m(2). Suppose 5*s - 4*w - 600 = 0, -2*s - 2*s + 474 = -t*w. Suppose -6*p - s = -8*p. Calculate the remainder when p is divided by 20.
18
Suppose -n - 12 + 26 = 0. Calculate the remainder when 92 is divided by n.
8
Let d(q) = q**2 - 5*q. Let b(f) = -16*f - 37*f**2 + 1 + 76*f**2 - 37*f**2. Let a(u) = -3*b(u) + 8*d(u). Calculate the remainder when 25 is divided by a(-5).
4
Suppose 0 = k - 0 - 1. Calculate the remainder when (1/3)/((-12)/(-180)) is divided by k.
0
What is the remainder when (-2 + -7 - 1)*31/(-1) is divided by 165?
145
Suppose 2*j + 16 = 6*j. Suppose 9 = 2*k + 3*k + m, 0 = m - j. What is the remainder when 42 is divided by k*(12 - (-7 - -4))?
12
Let y be 1 + (-1)/(-3)*3. Let v(x) = 5*x**3 + x. Calculate the remainder when v(y) is divided by 1/(-3) + 8418/549.
12
Let q(g) be the third derivative of 3*g**5/10 + g**4/24 + g**3/3 - 4*g**2. Calculate the remainder when q(-1) is divided by (-150)/(-20) - 1/2.
5
Suppose 2*c - 101 = -5*p, 2*c - 53 = -2*p - 3*c. Suppose 0 = -8*n + 621 + 435. What is the remainder when n is divided by p?
18
Let u(g) = -49*g - 86. What is the remainder when 109 is divided by u(-3)?
48
Let l = -650 + 760. What is the remainder when l is divided by 28?
26
Let k = 14 + -21. Let f(b) = -6*b + 9. What is the remainder when f(k) is divided by (1/(-1))/1 - -14?
12
Let z(h) = -h**2 + 23*h - 68. What is the remainder when 434 is divided by z(5)?
16
Let f be (-4 - 1)/((-2)/6). Suppose -f*v - 290 = -20*v. Calculate the remainder when v is divided by (1*15)/1 - 0.
13
Suppose 2*o - 4*o + 4 = 0. Suppose 3*v - o = 2*u, -u + 2*u - v = 1. What is the remainder when (-124)/(-7) + (-2)/(-7) is divided by u?
3
Suppose 0 = -108*x + 63*x + 585. What is the remainder when 62 is divided by x?
10
Suppose -45 + 188 = 2*r - n, -338 = -5*r - 4*n. Let c(y) = 8*y - 3. What is the remainder when c(2) is divided by r/(-15)*(-6)/4?
6
Let s(f) = -6*f + 4. Let x be s(-5). Let v = x + 12. What is the remainder when v is divided by 24?
22
Let x be (54/(-21))/((-2)/14). Let k = -46 + x. Let d = k + 43. What is the remainder when 28 is divided by d?
13
Let k(y) = -y**3 - 5*y**2 + y - 2. Let n be k(-5). Let m = n - -29. Suppose -3*v = -102 - 222. Calculate the remainder when v is divided by m.
20
What is the remainder when ((-8022)/(-147))/(6/21) is divided by 66?
59
Let t = 472 - 421. What is the remainder when 171 is divided by t?
18
Let u(i) be the second derivative of -i**4/12 - 10*i**3/3 - 33*i**2/2 + 14*i. What is the remainder when 87 is divided by u(-17)?
15
Let g = -101 - -144. Calculate the remainder wh